 = 2*j + 3*j - r. Suppose j*u + 4*w = -w + 13, u - 3*w = 1. What are the prime factors of u?
2
Suppose -l = 5*s - 3*l - 20, 2*l = -4*s + 16. Suppose 2*d + s = 2*h + 6*d, -2*d - 4 = -2*h. Let u = 8 + h. What are the prime factors of u?
2, 5
Let l(d) = -d**3 - 14*d**2 - 10*d - 33. What are the prime factors of l(-14)?
107
Let k(v) = -v**2 - 4*v - 5*v + 0 - 9 + v. Let i be k(-7). What are the prime factors of (-3)/i*(-132)/(-18)?
11
Let m = 18 + -10. Let t = m + -13. Let z(r) = -r**2 - 9*r - 3. List the prime factors of z(t).
17
Suppose -3*a - 5*g + 12 = -2*a, -18 = -4*a - 5*g. Let n(d) = -2 - 8*d**a + 5*d - 7 + 5*d + d**3. What are the prime factors of n(7)?
2, 3
Let q(i) = -4*i - 7. List the prime factors of q(-12).
41
Suppose r + 0*r + 2*m = 0, -5*m - 3 = r. Suppose r*y + 0*y = 4. Suppose 6*w - 40 = -5*l + w, y*w - 21 = -3*l. List the prime factors of l.
5
Let w(x) = -2*x + 5. Let l be w(7). Let u = l + 14. List the prime factors of u.
5
Suppose -14 = -b + 162. List the prime factors of b.
2, 11
Let f(r) be the third derivative of r**6/120 - r**4/24 - r**3/2 - 2*r**2. Let s be f(-3). List the prime factors of 2*s/(-6) + -2.
7
Let o(j) = j + 9. Let h be o(-11). Let l(z) = 6*z**2 + 4*z + 2. What are the prime factors of l(h)?
2, 3
What are the prime factors of (-5 - -4)*78/(-1)?
2, 3, 13
List the prime factors of (-15 - -15) + (-110)/(-2).
5, 11
Suppose -3*s - 36 = -120. List the prime factors of s.
2, 7
Let y = 40 + 102. What are the prime factors of y?
2, 71
Let t = 1 + 3. Suppose -3*k - m + 117 = 0, -5*k + m + 130 = -73. Suppose j = -t*j + k. List the prime factors of j.
2
Let d(b) = -b**3 - 14*b**2 + 9*b + 2. What are the prime factors of d(-15)?
2, 23
Suppose 6*q - 2*q = -28. Let r(v) be the first derivative of -v**4/4 - 7*v**3/3 - v**2/2 + 4*v - 2. List the prime factors of r(q).
11
Let v(l) = -l**3 + 6*l**2 - 6*l + 3. Let c be v(5). Let i be c + 4 + -2 + 2. What are the prime factors of -1 - (0 + -5)*i?
3
Let y be 43/(-5) + (-9)/(-15). Let i = -10 + -10. Let u = y - i. List the prime factors of u.
2, 3
Suppose 5*k + 54 = u - 0*k, -4*u + 101 = 3*k. What are the prime factors of u?
29
List the prime factors of 3/2*32/24 + 21.
23
What are the prime factors of 4 - (1*-14*7 + 0)?
2, 3, 17
Let w(m) be the first derivative of -2 + 5*m + 2*m**2 - 1/3*m**3. What are the prime factors of w(4)?
5
Suppose 4*g = 19 + 25. Let l = 7 + g. What are the prime factors of l?
2, 3
Suppose -4*c = -51 - 1. Suppose 0 = 4*x - y - 63, -4*y + y - c = -x. What are the prime factors of x?
2
Let r = 3 + 2. Suppose r*b + 7*d = 4*d + 72, -2*b = -4*d - 8. List the prime factors of b.
2, 3
Let a(b) = -b + 1. Let i be a(3). What are the prime factors of 5/((-2 + 0)/i)?
5
Let b be 4/18 + 169/9. Let l = 1 + 2. Suppose -2*t = t - h - 12, 2*t + l*h = b. List the prime factors of t.
5
Suppose -2*w + g + 104 = -2*g, 76 = 2*w + 4*g. What are the prime factors of w?
2, 23
Suppose -7*i = -13*i + 714. List the prime factors of i.
7, 17
Suppose -4*c - 36 = -92. List the prime factors of c.
2, 7
Let d(f) = -f**3 - 5*f**2 + 6*f - 4. Let v be d(-6). Let u = 1 - v. List the prime factors of u.
5
Let b = -10 + 2. Let s = -7 - b. Suppose 0 = j + s - 8. What are the prime factors of j?
7
Suppose 1065 = 4*m + 5*g, -3*m - g + 795 = 4*g. What are the prime factors of m?
2, 3, 5
Let x(z) = -2*z - 5. Let o = -4 - -7. Suppose -o*d = d + 16. What are the prime factors of x(d)?
3
Suppose 3*f - 132 - 24 = 0. Suppose -3*l - 2*a + f = 0, 5*l + 2*a - 116 = 6*a. List the prime factors of l.
2, 5
Suppose -3*u - x - 3 = 2*x, 4*u - x - 11 = 0. List the prime factors of u.
2
Let x = 4 + 3. Let j = x - 2. What are the prime factors of j?
5
Let c be 1/2 + 12/(-8). List the prime factors of (-4 + 3)/c*7.
7
What are the prime factors of (-451 + (-3 - -1))*(-3)/9?
151
Suppose 0 = -3*w + 2 + 7. Suppose 0*l + 5*t + 57 = w*l, -2*l + t = -31. What are the prime factors of l?
2, 7
Let f(k) be the third derivative of -k**5/60 + k**4/4 - k**3/6 + 4*k**2. List the prime factors of f(4).
7
Suppose -2*s = 3*s. Let g = 10 - s. Let u = g + -6. List the prime factors of u.
2
Let w(y) = -y**3 - 9*y**2 + 9*y - 8. Let r be w(-10). Suppose 5*a - 55 = 5*u, -r*a - u + 26 = u. What are the prime factors of a?
2, 3
Let c be 1/((5 + -3)/(-4)). Let d be c/4 - (-630)/(-4). List the prime factors of (-6)/21 - d/14.
11
Let b = 0 + 2. Suppose 32 = z - 2*c, -b*z = 4*c - 103 + 15. What are the prime factors of z/6 + (-6)/(-9)?
7
List the prime factors of -1 + 9/3 + -3 + 69.
2, 17
Let w = 137 + -95. What are the prime factors of 31/6 + (-7)/w?
5
Let d = 41 + -9. Let x = d - 25. List the prime factors of x.
7
Suppose -3*n = -7*n + 444. Suppose -r + 4*r - n = 0. What are the prime factors of r?
37
Suppose 0 = 3*u - 6. Let z(w) = -w**2 + u*w**2 + 0*w**2 - 6*w + 9. List the prime factors of z(6).
3
Let p(d) be the first derivative of -5*d**4/2 + d + 1. Let a be (5/4)/(-5) + 63/(-84). List the prime factors of p(a).
11
Let b be 33 + -5 - (-4 - -2). Suppose -14 = -4*h + b. List the prime factors of h.
11
Let s be 1*(1 + 0)/1. Suppose 44 = 3*o - 1. Suppose s = y - o. List the prime factors of y.
2
Let c = 107 + 21. What are the prime factors of c?
2
Let l be ((-50)/4)/((-1)/2). List the prime factors of 185/l - (-2)/(-5).
7
Let j(r) = -2 + 0*r**3 - 3*r + r**3 - 3*r**3 - 4*r**2. Let n be j(-2). Suppose n*m - 4 = 2*m. List the prime factors of m.
2
Let a(k) = k**2 + 11*k - 4. What are the prime factors of a(-21)?
2, 103
Let x(j) = -j**3 + 5*j**2 + 4*j - 4. List the prime factors of x(3).
2, 13
Let g be (-18)/24 + (-58)/8. Let c be (-21)/(-28) + 22/g. What are the prime factors of (c + 1)/((-2)/8)?
2
What are the prime factors of 1 + 15*(-4)/(-6) - 0?
11
Let l(i) = i**2 + 9*i - 10. What are the prime factors of l(7)?
2, 3, 17
Suppose 7*z - 4*z - 33 = 0. List the prime factors of z.
11
Let p be -1*2 + (-2 - -4). Suppose -5*l + 80 + 70 = p. What are the prime factors of l?
2, 3, 5
Suppose 0 = 2*n + u - 64, -77 = -5*n - 2*u + 82. What are the prime factors of n?
31
Let p = -2 - 0. What are the prime factors of 17 + (-4)/(p - -4)?
3, 5
Suppose 2*k - o = 203, k + 60 - 172 = 4*o. Let u = k - 67. What are the prime factors of u?
3, 11
Suppose 40 = 4*u + v, 61 = u + 4*u + 4*v. Let o be -2*3/(-9)*u. Let n = o - -5. List the prime factors of n.
11
Let s be (-9)/(-2) + (-3)/(-6). Suppose -s*a = 3 + 2. List the prime factors of -3 - (-18 - (a - -1)).
3, 5
Let r(x) = -2*x + 2. Let v be r(3). Let y = v + 18. What are the prime factors of y?
2, 7
Let i = 3 - 0. Suppose 3*a = 2*w + 36, -2*a + i*w + 48 = 2*a. Let m = a + 5. What are the prime factors of m?
17
Let a(b) = 43*b - 2. What are the prime factors of a(1)?
41
Suppose -4*g - 3*a = -22 - 3, 6 = 2*a. Suppose 0 = g*z + 4 + 20. List the prime factors of ((-3)/z)/((-4)/(-40)).
5
Let a(d) = 43*d. Let z be a(1). Suppose 4*t + m = z, -4*t + 2*m + 0*m = -46. List the prime factors of t.
11
Suppose 7 = 2*p - 5*a, -3*p + 3*a + 15 = -0*p. Let z(l) = l**3 - 6*l**2 - 7*l + 2. Let j be z(7). Suppose p = -j*f + 24. List the prime factors of f.
3
Suppose 0 = 2*f + 5*i - 155 + 26, 5*i = 25. List the prime factors of f.
2, 13
Let q be 4/((-6)/9 + 0). Let n = 10 - q. Suppose 2*r = -u + n, -2*u - 5*r + 26 = -3*r. What are the prime factors of u?
2, 5
Suppose -3*b = b. Suppose b*y = -4*y + 60. What are the prime factors of y?
3, 5
Let t(w) be the first derivative of -31*w**4/4 + w**3/3 + w**2/2 + w - 4. Let k be t(-1). Let b = k - 10. What are the prime factors of b?
2, 11
Let z(o) be the first derivative of -o**2/2 + 10*o - 6. Let n = 16 - 11. What are the prime factors of z(n)?
5
Suppose y + 5*j = 78, -4*j - 384 = -2*y - 2*y. What are the prime factors of y?
3, 31
Let g = -89 - -184. List the prime factors of g.
5, 19
Let h be (-1)/(-3)*90/2. Let d = 23 + h. List the prime factors of d.
2, 19
List the prime factors of (-28)/49 + 204/14.
2, 7
Let u = 193 - 110. List the prime factors of u.
83
Let t = -2 + 37. List the prime factors of t.
5, 7
Let f(m) = 3*m - 8. Suppose 4*x - 2*o = 2*o + 28, x - 23 = 5*o. Suppose 0 = -x*a + 12 + 12. List the prime factors of f(a).
2
Let p be 22 - 0/(3/(-1)). Suppose -x = 4*t - p, 3*x + t = 6*t + 15. List the prime factors of x.
2, 5
Let w = 265 - 152. What are the prime factors of w?
113
Let 